
{"id":39,"date":"2011-12-21T13:49:20","date_gmt":"2011-12-21T13:49:20","guid":{"rendered":"http:\/\/eveilleau.net\/oms14\/?page_id=39"},"modified":"2025-07-07T07:10:39","modified_gmt":"2025-07-07T05:10:39","slug":"sports-cerebraux","status":"publish","type":"page","link":"https:\/\/oms14.fr\/?page_id=39","title":{"rendered":"Sports c\u00e9r\u00e9braux"},"content":{"rendered":"<p><span style=\"color: #0000ff;\"><strong>BRIDGE<\/strong><\/span><\/p>\n<p><span style=\"color: #800080;\"><strong>PUC BRIDGE<\/strong><\/span><\/p>\n<p style=\"font-weight: 400;\">Emmanuel Altmayer<br \/>\nT\u00e9l\u00e9phone : 06.08.46.67.90<br \/>\nE-mail : <strong>bridge@puc.paris<\/strong><\/p>\n<p style=\"font-weight: 400;\">tournois hebdomadaires: lundi \u00e0 19H30; mardi et vendredi \u00e0 14H15<\/p>\n<ul>\n<li style=\"font-weight: 400;\">\u00e9cole de bridge: cours tous niveaux en journ\u00e9e et le soir<\/li>\n<li style=\"font-weight: 400;\">parties comment\u00e9es le lundi apr\u00e8s-midi<\/li>\n<\/ul>\n<p><span style=\"color: #0000ff;\"><strong>ECHECS<\/strong><\/span><\/p>\n<p><strong><span style=\"color: #800080;\">R2C2<\/span> &#8211; Royal Rouvier Chess Club<\/strong><\/p>\n<p><span style=\"color: #000000;\">\u00c9cole \u00c9l\u00e9mentaire Maurice Rouvier<br \/>\n8, rue Maurice Rouvier<br \/>\nCorrespondant : Jean-Louis CAMILLERI<br \/>\nT\u00e9l : 06 10 33 22 00<br \/>\n(jeunes, adultes, loisirs, comp\u00e9titions)<br \/>\n<a href=\"mailto:r2c2echecs@gmail.fr\" target=\"_blank\" rel=\"noopener\">r2c2echecs@gmail.com<\/a><br \/>\n<a href=\"http:\/\/www.r2c2.fr\/\" target=\"_blank\" rel=\"noopener\">www.r2c2.fr<\/a><br \/>\nadultes : lundi,\u00a018h30 -21h30 (8 rue\u00a0 Maurice Rouvier)<br \/>\njeunes\u00a0:\u00a0samedi 10h15-11h45\u00a0 (8 rue Maurice Rouvier)<\/span><\/p>\n","protected":false},"excerpt":{"rendered":"<p>BRIDGE PUC BRIDGE Emmanuel Altmayer T\u00e9l\u00e9phone : 06.08.46.67.90 E-mail : bridge@puc.paris tournois hebdomadaires: lundi \u00e0 19H30; mardi et vendredi \u00e0 14H15 \u00e9cole de bridge: cours tous niveaux en journ\u00e9e et le soir parties comment\u00e9es le lundi apr\u00e8s-midi ECHECS R2C2 &#8211;<\/p>\n","protected":false},"author":1,"featured_media":0,"parent":7,"menu_order":12,"comment_status":"closed","ping_status":"closed","template":"","meta":{"footnotes":""},"class_list":["post-39","page","type-page","status-publish","hentry"],"_links":{"self":[{"href":"https:\/\/oms14.fr\/index.php?rest_route=\/wp\/v2\/pages\/39","targetHints":{"allow":["GET"]}}],"collection":[{"href":"https:\/\/oms14.fr\/index.php?rest_route=\/wp\/v2\/pages"}],"about":[{"href":"https:\/\/oms14.fr\/index.php?rest_route=\/wp\/v2\/types\/page"}],"author":[{"embeddable":true,"href":"https:\/\/oms14.fr\/index.php?rest_route=\/wp\/v2\/users\/1"}],"replies":[{"embeddable":true,"href":"https:\/\/oms14.fr\/index.php?rest_route=%2Fwp%2Fv2%2Fcomments&post=39"}],"version-history":[{"count":20,"href":"https:\/\/oms14.fr\/index.php?rest_route=\/wp\/v2\/pages\/39\/revisions"}],"predecessor-version":[{"id":8259,"href":"https:\/\/oms14.fr\/index.php?rest_route=\/wp\/v2\/pages\/39\/revisions\/8259"}],"up":[{"embeddable":true,"href":"https:\/\/oms14.fr\/index.php?rest_route=\/wp\/v2\/pages\/7"}],"wp:attachment":[{"href":"https:\/\/oms14.fr\/index.php?rest_route=%2Fwp%2Fv2%2Fmedia&parent=39"}],"curies":[{"name":"wp","href":"https:\/\/api.w.org\/{rel}","templated":true}]}}