
{"id":49,"date":"2011-12-21T15:36:50","date_gmt":"2011-12-21T15:36:50","guid":{"rendered":"http:\/\/eveilleau.net\/oms14\/?page_id=49"},"modified":"2019-07-15T17:42:56","modified_gmt":"2019-07-15T17:42:56","slug":"contact","status":"publish","type":"page","link":"https:\/\/oms14.fr\/?page_id=49","title":{"rendered":"Contact"},"content":{"rendered":"<p>Pour nous joindre<\/p>\n<p>OMS 14 : Office du Mouvement Sportif du 14\u00e8 arrondissement<br \/>\nAdresse : OMS 14<br \/>\n26, rue Mouton Duvernet<br \/>\n75014 PARIS<\/p>\n<p>T\u00e9l\u00e9phone : 01 43 95 09 01<br \/>\nPermanence : le lundi de 18h30 \u00e0 19h30 &#8211; Bureau 1<br \/>\nMail : omsparis14@gmail.com<\/p>\n<p><iframe loading=\"lazy\" src=\"http:\/\/maps.google.com\/maps?f=q&amp;source=s_q&amp;hl=en&amp;geocode=&amp;q=26,+rue+Mouton+Duvernet+75014+PARIS,+FRANCE&amp;aq=&amp;sll=37.0625,-95.677068&amp;sspn=38.554089,79.013672&amp;ie=UTF8&amp;hq=&amp;hnear=26+Rue+Mouton-Duvernet,+75014+Paris,+%C3%8Ele-de-France,+France&amp;t=m&amp;z=14&amp;iwloc=A&amp;output=embed\" height=\"350\" width=\"425\" frameborder=\"0\" marginwidth=\"0\" marginheight=\"0\" scrolling=\"no\"><\/iframe><br \/>\n<small><a style=\"color: #0000ff; text-align: left;\" href=\"http:\/\/maps.google.com\/maps?f=q&amp;source=embed&amp;hl=en&amp;geocode=&amp;q=26,+rue+Mouton+Duvernet+75014+PARIS,+FRANCE&amp;aq=&amp;sll=37.0625,-95.677068&amp;sspn=38.554089,79.013672&amp;ie=UTF8&amp;hq=&amp;hnear=26+Rue+Mouton-Duvernet,+75014+Paris,+%C3%8Ele-de-France,+France&amp;t=m&amp;z=14&amp;iwloc=A\">View Larger Map<\/a><\/small><\/p>\n","protected":false},"excerpt":{"rendered":"<p>Pour nous joindre OMS 14 : Office du Mouvement Sportif du 14\u00e8 arrondissement Adresse : OMS 14 26, rue Mouton Duvernet 75014 PARIS T\u00e9l\u00e9phone : 01 43 95 09 01 Permanence : le lundi de 18h30 \u00e0 19h30 &#8211; Bureau<\/p>\n","protected":false},"author":1,"featured_media":0,"parent":0,"menu_order":9,"comment_status":"closed","ping_status":"closed","template":"","meta":{"footnotes":""},"class_list":["post-49","page","type-page","status-publish","hentry"],"_links":{"self":[{"href":"https:\/\/oms14.fr\/index.php?rest_route=\/wp\/v2\/pages\/49","targetHints":{"allow":["GET"]}}],"collection":[{"href":"https:\/\/oms14.fr\/index.php?rest_route=\/wp\/v2\/pages"}],"about":[{"href":"https:\/\/oms14.fr\/index.php?rest_route=\/wp\/v2\/types\/page"}],"author":[{"embeddable":true,"href":"https:\/\/oms14.fr\/index.php?rest_route=\/wp\/v2\/users\/1"}],"replies":[{"embeddable":true,"href":"https:\/\/oms14.fr\/index.php?rest_route=%2Fwp%2Fv2%2Fcomments&post=49"}],"version-history":[{"count":8,"href":"https:\/\/oms14.fr\/index.php?rest_route=\/wp\/v2\/pages\/49\/revisions"}],"predecessor-version":[{"id":4955,"href":"https:\/\/oms14.fr\/index.php?rest_route=\/wp\/v2\/pages\/49\/revisions\/4955"}],"wp:attachment":[{"href":"https:\/\/oms14.fr\/index.php?rest_route=%2Fwp%2Fv2%2Fmedia&parent=49"}],"curies":[{"name":"wp","href":"https:\/\/api.w.org\/{rel}","templated":true}]}}