
{"id":4939,"date":"2019-07-15T14:53:39","date_gmt":"2019-07-15T14:53:39","guid":{"rendered":"http:\/\/oms14.fr\/?page_id=4939"},"modified":"2025-11-19T08:13:27","modified_gmt":"2025-11-19T07:13:27","slug":"les-clubs","status":"publish","type":"page","link":"https:\/\/oms14.fr\/?page_id=4939","title":{"rendered":"Les clubs"},"content":{"rendered":"<div><span style=\"font-family: Calibri;\">123 MOOOV<\/span><\/div>\n<div><span style=\"font-family: Calibri;\"><span style=\"color: #993366;\">Fitness, pilate, zumba, renforcement musculaire<\/span> <\/span><\/div>\n<div><span style=\"font-family: Calibri;\">A.S.L.A.A. (Ass Sports et Loisirs <\/span><\/div>\n<div><span style=\"color: #993366; font-family: Calibri;\">Cyclisme<\/span><\/div>\n<div><span style=\"font-family: Calibri;\">ACADEMIE PARISIENNE D\u2019AIkido( APA 14) <\/span><\/div>\n<div><span style=\"color: #993366; font-family: Calibri;\">A\u00efkido<\/span><\/div>\n<div><span style=\"font-family: Calibri;\">ACTION JEUNESSE<\/span><\/div>\n<div><span style=\"color: #993366; font-family: Calibri;\">Judo, cirque, gymnastique rytmique, gymnastique d\u2019entretien<\/span><\/div>\n<div><span style=\"font-family: Calibri;\">ADAN<\/span><\/div>\n<div><span style=\"color: #993366; font-family: Calibri;\">A\u00eekido<\/span><\/div>\n<div><span style=\"font-family: Calibri;\">AGAPE<\/span><\/div>\n<div><span style=\"color: #993366; font-family: Calibri;\">Tai ji quan, qi gong<\/span><\/div>\n<div><span style=\"font-family: Calibri;\">AIKIDO CLUB PARISIEN<\/span><\/div>\n<div><span style=\"color: #993366; font-family: Calibri;\">A\u00efkido<\/span><\/div>\n<div><span style=\"font-family: Calibri;\">AMICALE ASSAUT <\/span><\/div>\n<div><span style=\"color: #993366; font-family: Calibri;\">Boxe fran\u00e7aise<\/span><\/div>\n<div><span style=\"font-family: Calibri;\">ANDS<\/span><\/div>\n<div><span style=\"color: #993366; font-family: Calibri;\">Judo<\/span><\/div>\n<div><span style=\"font-family: Calibri;\">ARCHIMEDE<\/span><\/div>\n<div><span style=\"font-family: Calibri;\"><span style=\"color: #993366;\">Natation, aquagym,<\/span> <\/span><\/div>\n<div><span style=\"font-family: Calibri;\">ARETHUSA<\/span><\/div>\n<div><span style=\"color: #993366; font-family: Calibri;\">gymnastique d\u2019entretien<\/span><\/div>\n<div><span style=\"font-family: Calibri;\">ARMO-FORME<\/span><\/div>\n<div><span style=\"color: #993366; font-family: Calibri;\">Fitness, gymnastique d\u2019entretien, marche active, randonn\u00e9e<\/span><\/div>\n<div><span style=\"font-family: Calibri;\">ARMORIQUE<\/span><\/div>\n<div><span style=\"font-family: Calibri;\"><span style=\"color: #993366;\">Danse classique, Gymnastique sportive, chanbara, judo, yoga, gymnastique d\u2019entretien, aquagym, escalade,<\/span> <\/span><\/div>\n<div><span style=\"font-family: Calibri;\">AS BOULISTE DU 14\u00e8me ( AB 14)<\/span><\/div>\n<div><span style=\"color: #993366; font-family: Calibri;\">P\u00e9tanque<\/span><\/div>\n<div><span style=\"font-family: Calibri;\">ASPRAU<\/span><\/div>\n<div><span style=\"color: #993366; font-family: Calibri;\">Volley ball<\/span><\/div>\n<div><span style=\"font-family: Calibri;\">ASPTT PARIS Escrime<\/span><\/div>\n<div><span style=\"color: #993366; font-family: Calibri;\">Escrime<\/span><\/div>\n<div><span style=\"font-family: Calibri;\">ATELIERS DE YOGA<\/span><\/div>\n<div><span style=\"color: #993366; font-family: Calibri;\">Yoga<\/span><\/div>\n<div><span style=\"font-family: Calibri;\">BAD A PANAME<\/span><\/div>\n<div><span style=\"color: #993366; font-family: Calibri;\">Badminton<\/span><\/div>\n<div><span style=\"font-family: Calibri;\">BASKET PARIS14<\/span><\/div>\n<div><span style=\"color: #993366; font-family: Calibri;\">Basket<\/span><\/div>\n<div>BUKIKAN<\/div>\n<div><span style=\"color: #fa8787;\">Karat\u00e9<\/span><\/div>\n<div><span style=\"font-family: Calibri;\">CAPARIS<\/span><\/div>\n<div><span style=\"color: #993366; font-family: Calibri;\">Football<\/span><\/div>\n<div><span style=\"font-family: Calibri;\">CAPOIERA CECICA<\/span><\/div>\n<div><span style=\"color: #993366; font-family: Calibri;\">Capoiera<\/span><\/div>\n<div><span style=\"font-family: Calibri;\">CASDAL 14<\/span><\/div>\n<div><span style=\"color: #993366; font-family: Calibri;\">Judo<\/span><\/div>\n<div><span style=\"font-family: Calibri;\">CLUB ALPIN IDF<\/span><\/div>\n<div><span style=\"color: #993366; font-family: Calibri;\">Escalade, randonn\u00e9e, marche nordique, trail, alpinisme, ski, sp\u00e9l\u00e9ologie<\/span><\/div>\n<div><span style=\"font-family: Calibri;\">COEGF<\/span><\/div>\n<div><span style=\"color: #993366; font-family: Calibri;\">Chanbara, qi gong<\/span><\/div>\n<div><span style=\"font-family: Calibri;\">COLLECTIF FELDENKRAIS<\/span><\/div>\n<div><span style=\"color: #993366; font-family: Calibri;\">Le\u00e7ons de Prise de conscience par le mouvement<\/span><\/div>\n<div><span style=\"font-family: Calibri;\">CONTACT ET ENERGIE<\/span><\/div>\n<div><span style=\"color: #993366; font-family: Calibri;\">Kinomichi<\/span><\/div>\n<div><span style=\"font-family: Calibri;\">COURIR POUR LE PLAISIR BY BENOIT CESAR<\/span><\/div>\n<div><span style=\"color: #993366; font-family: Calibri;\">Courir pour le plaisir<\/span><\/div>\n<div><span style=\"font-family: Calibri;\">DAGUERRE<\/span><\/div>\n<div><span style=\"color: #993366; font-family: Calibri;\">Karate a\u00efkido krav maga judo<\/span><\/div>\n<div><span style=\"font-family: Calibri;\">DANSE FUSION<\/span><\/div>\n<div><span style=\"color: #993366; font-family: Calibri;\">Danse orientale , jazz, bien-\u00eatre<\/span><\/div>\n<div><span style=\"font-family: Calibri;\">DANSOMANIA<\/span><\/div>\n<div><span style=\"color: #993366; font-family: Calibri;\">Danse<\/span><\/div>\n<div><span style=\"font-family: Calibri;\">DO JEUNES<\/span><\/div>\n<div><span style=\"font-family: Calibri;\"><span style=\"color: #993366;\">Taekwondo, gymnastique d\u2019entretien\u00a0<\/span><\/span><\/div>\n<div>ECOLE FRANCAISE DE JUJITSU \u00ab\u00a0SELF DEFENSE\u00a0\u00bb<\/div>\n<div><span style=\"color: #993366;\">Jujitsu self d\u00e9fense<\/span><\/div>\n<div><span style=\"font-family: Calibri;\">ELITE TRAINING<\/span><\/div>\n<div><span style=\"color: #993366; font-family: Calibri;\">Karate, boxe fran\u00e7aise<\/span><\/div>\n<div><span style=\"font-family: Calibri;\">EN AVANT DE PARIS<\/span><\/div>\n<div><span style=\"font-family: Calibri;\"><span style=\"color: #993366;\">Gymnastique sportive, art acrobatique, baby gym, gymnastique rytmique, gymnastique d\u2019entretien , Fitness<\/span> <\/span><\/div>\n<div><span style=\"font-family: Calibri;\">FEDERATION FRANCAISE HATHA YOGA<\/span><\/div>\n<div><span style=\"color: #993366; font-family: Calibri;\">Yoga<\/span><\/div>\n<div><span style=\"font-family: Calibri;\">FEMINA SPORT <\/span><\/div>\n<div><span style=\"font-family: Calibri;\"><span style=\"color: #993366;\">Tennis, yoga, gymnastique d\u2019entretien, aquagym,<\/span> <\/span><\/div>\n<div>FKM<br \/>\n<span style=\"color: #f04371;\">Krav maga<\/span><\/div>\n<div><span style=\"font-family: Calibri;\">FLIP FLAP<\/span><\/div>\n<div><span style=\"color: #993366; font-family: Calibri;\">Cirque<\/span><\/div>\n<div><span style=\"font-family: Calibri;\">FRANCE CHINE<\/span><\/div>\n<div><span style=\"color: #993366; font-family: Calibri;\">Taichi chuan, kungfu, kungfu sanda<\/span><\/div>\n<div><span style=\"font-family: Calibri;\">GASSENDIANA<\/span><\/div>\n<div><span style=\"color: #993366; font-family: Calibri;\">Gymnastique sportive, baby gym<\/span><\/div>\n<div><span style=\"font-family: Calibri;\">GCAL (croisi\u00e8re au large )<\/span><\/div>\n<div><span style=\"color: #993366; font-family: Calibri;\">Voile<\/span><\/div>\n<div><span style=\"font-family: Calibri;\">HIPPOCAMPES\u00a0 DE PARIS<\/span><\/div>\n<div><span style=\"color: #993366; font-family: Calibri;\">Aquagym, natation<\/span><\/div>\n<div><span style=\"font-family: Calibri;\">INSTITUT DE TAEKWONDO<\/span><\/div>\n<div><span style=\"color: #993366; font-family: Calibri;\">Taekwondo<\/span><\/div>\n<div><span style=\"font-family: Calibri;\">INTERNATIONAL TENNIS CLUB<\/span><\/div>\n<div><span style=\"color: #993366; font-family: Calibri;\">Tennis<\/span><\/div>\n<div><span style=\"font-family: Calibri;\">JEUNESSE ATHLETIQUE DE MONTROUGE ( J.A.M.)<\/span><\/div>\n<div><span style=\"color: #993366; font-family: Calibri;\">Athl\u00e9tisme, natation, foot, volley ball<\/span><\/div>\n<div><span style=\"font-family: Calibri;\">JISEI TAICHI<\/span><\/div>\n<div><span style=\"color: #993366; font-family: Calibri;\">Taichj chuan martial<\/span><\/div>\n<div><span style=\"font-family: Calibri;\">JOGAKI CAPOIERA<\/span><\/div>\n<div><span style=\"color: #993366; font-family: Calibri;\">Capoiera<\/span><\/div>\n<div><span style=\"font-family: Calibri;\">JUDO CLUB D&rsquo;ALESIA<\/span><\/div>\n<div><span style=\"color: #993366; font-family: Calibri;\">Judo<\/span><\/div>\n<div><span style=\"font-family: Calibri;\">KARATE DO SHOKOTAI<\/span><\/div>\n<div><span style=\"color: #993366; font-family: Calibri;\">Karat\u00e9 Do Shotokai<\/span><\/div>\n<div><span style=\"font-family: Calibri;\">KINOMICHI DENFERT<\/span><\/div>\n<div><span style=\"color: #993366; font-family: Calibri;\">Kinomichi<\/span><\/div>\n<div><span style=\"font-family: Calibri;\">KORDIANE<\/span><\/div>\n<div><span style=\"color: #993366;\">Qi Gong, Tai Chi Chuan, Auto-massage<\/span><\/div>\n<div><span style=\"font-family: Calibri;\">LA BOULE DU MOULIN VERT<\/span><\/div>\n<div><span style=\"color: #993366; font-family: Calibri;\">P\u00e9tanque<\/span><\/div>\n<div><span style=\"font-family: Calibri;\">LES 4 PILIERS PARIS<\/span><\/div>\n<div><span style=\"color: #b01010; font-family: Calibri;\">Qi gong, ta\u00efchi, m\u00e9ditation corps vivant corps conscient, stretching postural<\/span><\/div>\n<div><span style=\"font-size: inherit; color: #000000;\">LES COLONNES PARIS 14<\/span><\/div>\n<div><span style=\"color: #f24b4b;\"><span style=\"color: #b01010;\">fitness, gymnastique d\u2019entretien pour seniors<\/span>\u00a0<\/span><\/div>\n<div><span style=\"font-family: Calibri;\">LOISIRS PLONGEE<\/span><\/div>\n<div><span style=\"color: #993366; font-family: Calibri;\">Plong\u00e9e<\/span><\/div>\n<div><span style=\"font-family: Calibri;\">LUMY8<\/span><\/div>\n<div><span style=\"font-family: Calibri;\"><span style=\"color: #993366;\">Danse moderne-Gym-danse-barre au sol-stretching-Gym-douce-Pilates, gymnastique d\u2019entretien<\/span> <\/span><\/div>\n<div><span style=\"color: #000000; font-family: Calibri;\">LUTECE SHOTOKANRYU DOJO<\/span><\/div>\n<div><span style=\"color: #993366; font-family: Calibri;\">Karat\u00e9<\/span><\/div>\n<div><span style=\"font-family: Calibri;\">MAKA<\/span><\/div>\n<div><span style=\"color: #993366; font-family: Calibri;\">Karat\u00e9 gojuryu<\/span><\/div>\n<div><span style=\"font-family: Calibri;\">MASAMUNE AIKIDO PARIS<\/span><\/div>\n<div><span style=\"color: #993366; font-family: Calibri;\">A\u00efkido<\/span><\/div>\n<div><span style=\"font-family: Calibri;\">NAUTILUS PLONGEE<\/span><\/div>\n<div><span style=\"color: #993366; font-family: Calibri;\">Plong\u00e9e<\/span><\/div>\n<div><span style=\"font-family: Calibri;\">NINJA<\/span><\/div>\n<div><span style=\"color: #993366; font-family: Calibri;\">A\u00efkido- Ninjutsu<\/span><\/div>\n<div><span style=\"font-family: Calibri;\">NIPPON BUDO CLUB<\/span><\/div>\n<div><span style=\"color: #993366; font-family: Calibri;\">Karate traditionnel d\u2019Okinawa \u2013 Kobudo d\u2019Okinawa<\/span><\/div>\n<div><span style=\"color: #000000; font-family: Calibri;\">NINPO HIGUMA DOJO<\/span><\/div>\n<div><span style=\"color: #993366; font-family: Calibri;\">Ninjutsu<\/span><\/div>\n<div><span style=\"font-family: Calibri;\">OSHUKAI PARI<\/span><\/div>\n<div><span style=\"color: #993366;\">Karate et Kobudo traditionnel d&rsquo;Okinawa<\/span><\/div>\n<div><span style=\"font-family: Calibri;\">PARIS ALESIA FOOTBALL CLUB <\/span><\/div>\n<div><span style=\"color: #993366; font-family: Calibri;\">Foot<\/span><\/div>\n<div><span style=\"font-family: Calibri;\">PARIS CYCLISTE OLYMPIQUE<\/span><\/div>\n<div><span style=\"color: #993366; font-family: Calibri;\">Cyclisme<\/span><\/div>\n<div><span style=\"font-family: Calibri;\">PARIS RYTHMIQUE<\/span><\/div>\n<div><span style=\"color: #993366; font-family: Calibri;\">Gymnastique rytmique<\/span><\/div>\n<div><span style=\"font-family: Calibri;\">PARIS SKATE CULTURE<\/span><\/div>\n<div><span style=\"color: #993366; font-family: Calibri;\">Skate<\/span><\/div>\n<div><span style=\"font-family: Calibri;\">PARIS XIV FUTSAL CLUB<\/span><\/div>\n<div><span style=\"color: #993366; font-family: Calibri;\">Futsal<\/span><\/div>\n<div><span style=\"font-family: Calibri;\">PING PARIS 14<\/span><\/div>\n<div><span style=\"color: #993366; font-family: Calibri;\">Tennis de table<\/span><\/div>\n<div><span style=\"font-family: Calibri;\">PLANET ROLLER<\/span><\/div>\n<div><span style=\"color: #993366; font-family: Calibri;\">Roller<\/span><\/div>\n<div><span style=\"font-family: Calibri;\">PUC BRIDGE<\/span><\/div>\n<div><span style=\"color: #993366; font-family: Calibri;\">Bridge<\/span><\/div>\n<div><span style=\"font-family: Calibri;\">R2C2<\/span><\/div>\n<div><span style=\"color: #993366; font-family: Calibri;\">Echecs<\/span><\/div>\n<div><span style=\"font-family: Calibri;\">RANDONNEURS d&rsquo;Ile de France<\/span><\/div>\n<div><span style=\"color: #993366; font-family: Calibri;\">Randonn\u00e9e<\/span><\/div>\n<div><span style=\"font-family: Calibri;\">RHE YI TAO<\/span><\/div>\n<div><span style=\"color: #993366; font-family: Calibri;\">Tai Ji Ch&rsquo;an, Sabre du Tai chi, Energie fondamentale<\/span><\/div>\n<div><span style=\"font-family: Calibri;\">RING du 14\u00e8me <\/span><\/div>\n<div><span style=\"color: #993366; font-family: Calibri;\">Boxe anglaise<\/span><\/div>\n<div><span style=\"font-family: Calibri;\">RMA<\/span><\/div>\n<div><span style=\"color: #993366; font-family: Calibri;\">Triathlon<\/span><\/div>\n<div><span style=\"font-family: Calibri;\">ROC 14<\/span><\/div>\n<div><span style=\"color: #993366; font-family: Calibri;\">Escalade<\/span><\/div>\n<div><span style=\"font-family: Calibri;\">RSI<\/span><\/div>\n<div><span style=\"color: #993366; font-family: Calibri;\">Roller Urbain, Roller Dance, Slalom &amp; Modules, Hockey Mixte et F\u00e9minin, Multi Roller, Roller School, Street Fun, Girly Roller, stages, randonn\u00e9es\u2026<\/span><\/div>\n<div><span style=\"color: #000000; font-family: Calibri;\">SALSACUBA<\/span><\/div>\n<div><span style=\"color: #993366; font-family: Calibri;\">Salsa<\/span><\/div>\n<div><span style=\"font-family: Calibri;\">SEIZA <\/span><\/div>\n<div><span style=\"color: #993366;\">Art du B\u00e2ton et Tahtib : combat, rythmes et s\u00e9ries<\/span><\/div>\n<div><span style=\"font-family: Calibri;\">SI SENIOR<\/span><\/div>\n<div><span style=\"color: #993366; font-family: Calibri;\">Danse en ligne<\/span><\/div>\n<div><span style=\"font-family: Calibri;\">SPORTING CLUB du 14\u00e8me <\/span><\/div>\n<div><span style=\"color: #993366; font-family: Calibri;\">Aquagym, natation, trathlon<\/span><\/div>\n<div><span style=\"font-family: Calibri;\">SPRINTEUR CLUB F\u00c9MININ<\/span><\/div>\n<div><span style=\"color: #993366;\">Cyclisme<\/span><\/div>\n<div><span style=\"font-family: Calibri;\">TAIJI YANG RIV&rsquo;GAUCHE<\/span><\/div>\n<div><span style=\"color: #cc99ff;\">Tai chi chuan kungfu kungfu sanda qi gong<\/span><\/div>\n<div>\n<p><span style=\"font-family: Calibri;\">TAM VO DAO<\/span><\/p>\n<p><span style=\"color: #993366; font-family: Calibri;\">Viet vo dao<\/span><\/p>\n<\/div>\n<div><span style=\"font-family: Calibri;\">TCE<\/span><\/div>\n<div><span style=\"color: #993366; font-family: Calibri;\">Tennis<\/span><\/div>\n<div>\n<div>TEBUSHIKA<\/div>\n<div><span style=\"color: #bd4040;\">Aikido<\/span><\/div>\n<div><span style=\"font-family: Calibri;\">TEMPS DANSE 14<\/span><\/div>\n<\/div>\n<div><span style=\"color: #993366; font-family: Calibri;\">Eveil danse classique danse moderne danse hiphop danse jazz<\/span><\/div>\n<div><span style=\"font-family: Calibri;\">TEN OVER TAP<\/span><\/div>\n<div><span style=\"color: #993366; font-family: Calibri;\">Claquettes com\u00e9die musicale<\/span><\/div>\n<div><span style=\"font-family: Calibri;\">U.S. BRETONS DE PARIS<\/span><\/div>\n<div><span style=\"color: #993366; font-family: Calibri;\">Tennis judo handijudo<\/span><\/div>\n<div><span style=\"font-family: Calibri;\">VB14<\/span><\/div>\n<div><span style=\"color: #993366; font-family: Calibri;\">Volley ball<\/span><\/div>\n<div>WING TSUN<\/div>\n<div>WTEO PARIS 14<\/div>\n<div><span style=\"color: #993366;\">WIng-tsun<\/span><\/div>\n<div><span style=\"font-family: Calibri;\">WUDANG SAN BAO<\/span><\/div>\n<div><span style=\"color: #993366; font-family: Calibri;\">Tai chi chuan\u00a0<\/span><\/div>\n<div><span style=\"font-family: Calibri;\">YAMA<\/span><\/div>\n<div><span style=\"color: #993366; font-family: Calibri;\">Yoga<\/span><\/div>\n<div><span style=\"font-family: Calibri;\">YOGAMANIA<\/span><\/div>\n<div><span style=\"font-family: Calibri;\">Pilate yoga, m\u00e9ditation<\/span><\/div>\n","protected":false},"excerpt":{"rendered":"<p>123 MOOOV Fitness, pilate, zumba, renforcement musculaire A.S.L.A.A. (Ass Sports et Loisirs Cyclisme ACADEMIE PARISIENNE D\u2019AIkido( APA 14) A\u00efkido ACTION JEUNESSE Judo, cirque, gymnastique rytmique, gymnastique d\u2019entretien ADAN A\u00eekido AGAPE Tai ji quan, qi gong AIKIDO CLUB PARISIEN A\u00efkido AMICALE<\/p>\n","protected":false},"author":1,"featured_media":0,"parent":0,"menu_order":0,"comment_status":"closed","ping_status":"closed","template":"","meta":{"footnotes":""},"class_list":["post-4939","page","type-page","status-publish","hentry"],"_links":{"self":[{"href":"https:\/\/oms14.fr\/index.php?rest_route=\/wp\/v2\/pages\/4939","targetHints":{"allow":["GET"]}}],"collection":[{"href":"https:\/\/oms14.fr\/index.php?rest_route=\/wp\/v2\/pages"}],"about":[{"href":"https:\/\/oms14.fr\/index.php?rest_route=\/wp\/v2\/types\/page"}],"author":[{"embeddable":true,"href":"https:\/\/oms14.fr\/index.php?rest_route=\/wp\/v2\/users\/1"}],"replies":[{"embeddable":true,"href":"https:\/\/oms14.fr\/index.php?rest_route=%2Fwp%2Fv2%2Fcomments&post=4939"}],"version-history":[{"count":25,"href":"https:\/\/oms14.fr\/index.php?rest_route=\/wp\/v2\/pages\/4939\/revisions"}],"predecessor-version":[{"id":8402,"href":"https:\/\/oms14.fr\/index.php?rest_route=\/wp\/v2\/pages\/4939\/revisions\/8402"}],"wp:attachment":[{"href":"https:\/\/oms14.fr\/index.php?rest_route=%2Fwp%2Fv2%2Fmedia&parent=4939"}],"curies":[{"name":"wp","href":"https:\/\/api.w.org\/{rel}","templated":true}]}}