
{"id":66,"date":"2012-12-15T20:53:51","date_gmt":"2012-12-15T20:53:51","guid":{"rendered":"http:\/\/oms14.fr\/blog\/?page_id=66"},"modified":"2020-03-08T15:00:49","modified_gmt":"2020-03-08T14:00:49","slug":"les-equipements-sportifs","status":"publish","type":"page","link":"https:\/\/oms14.fr\/?page_id=66","title":{"rendered":"Les \u00e9quipements sportifs"},"content":{"rendered":"<p><strong>G\u00e9o-localisez les \u00e9quipements sportifs du 14e sur notre nouvelle carte Google :<\/strong><\/p>\n<p><center><br \/>\n<iframe loading=\"lazy\" src=\"https:\/\/maps.google.com\/maps\/ms?t=m&amp;msa=0&amp;msid=208961825239093944986.0004c531668a49f729114&amp;source=embed&amp;ie=UTF8&amp;ll=48.8306,2.334251&amp;spn=0.034748,0.054932&amp;output=embed\" width=\"425\" height=\"350\" frameborder=\"0\" marginwidth=\"0\" marginheight=\"0\" scrolling=\"no\"><\/iframe><br \/>\n<small>Afficher <a style=\"color: #0000ff; text-align: left;\" href=\"https:\/\/maps.google.com\/maps\/ms?t=m&amp;msa=0&amp;msid=208961825239093944986.0004c531668a49f729114&amp;source=embed&amp;ie=UTF8&amp;ll=48.8306,2.334251&amp;spn=0.034748,0.054932\">EQUIPEMENTS SPORTIFS PARIS XIV<\/a> sur une carte plus grande<\/small><\/center><\/p>\n<p><strong>La liste des \u00e9quipements :<\/strong><\/p>\n<p><strong>Alice Milliat\u00a0\u00a0 gymnase<\/strong><br \/>\n11 ter rue d&rsquo;Al\u00e9sia. M\u00b0 Al\u00e9sia. 01 53 62 40 45<\/p>\n<p><strong>Aspirant Dunan\u00a0 piscine<\/strong><br \/>\n20 rue Saillard<br \/>\nM\u00b0 Mouton Duvernet<br \/>\n01 53 90 24 70<\/p>\n<p><strong>Auguste Renoir\u00a0\u00a0 gymnase<\/strong><br \/>\n1 square Auguste Renoir. M\u00b0 et T3 Porte de Vanves<br \/>\n01 45 39 36 32<\/p>\n<p><strong>Cange\u00a0\u00a0 gymnase<\/strong><br \/>\n11 rue de Cange. M\u00b0 Pernety &#8211; 01 45 42 39 02<\/p>\n<p><strong>Commandant Mouchotte\u00a0\u00a0 gymnase<\/strong><br \/>\n31 rue du Commandant Mouchotte<br \/>\nM\u00b0 Montparnase Bienven\u00fce<br \/>\n01 43 27 25 79<\/p>\n<p><strong>Didot\u00a0\u00a0 stade , gymnase et piscine<\/strong><br \/>\n18 av Marc Sangnier<br \/>\nM\u00b0 Porte de Vanves &#8211; T3 Didot<br \/>\n01 45 39 89 35<\/p>\n<p><strong>Elisabeth\u00a0\u00a0 stade,\u00a0 gymnase et piscine<\/strong><br \/>\n15 av Paul Appell<br \/>\nM\u00b0 et T3 Porte de Vanves<br \/>\n01 45 40 78 39<\/p>\n<p>Piscine Th\u00e9r\u00e8se et Jeanne BRULE<\/p>\n<p>1 place Edith THOMAS<\/p>\n<p>T\u00e9l ????<\/p>\n<p><strong>Friant tennis<\/strong><br \/>\n6 Rue de Coulmiers<br \/>\nM\u00b0 : Porte d&rsquo;Orl\u00e9ans (ligne 4)<br \/>\n01 45 40 44 20<\/p>\n<p><strong>Guilleminot\u00a0 gymnase<\/strong><br \/>\n22 rue Guilleminot<br \/>\nM\u00b0 Pernety<\/p>\n<p><strong>Huygens\u00a0 gymnase<\/strong><br \/>\n10 rue Huygens. M\u00b0 : Vavin &#8211; 01 43 20 67 64<\/p>\n<p><strong>Jules No\u00ebl\u00a0\u00a0 stade et\u00a0 gymnase<\/strong><br \/>\n3 av Maurice d&rsquo;Ocagne<br \/>\nM\u00b0 et T3 Porte de Vanves<br \/>\n01 45 39 54 37<\/p>\n<p><strong>Rosa Parks\u00a0 gymnase<\/strong><br \/>\nRue du Moulin des Lapins<br \/>\nM\u00b0 Pernety<br \/>\n01 53 90 24 75<\/p>\n<p><strong>Armand Massart\u00a0 piscine<\/strong><br \/>\n66 bld Montparnasse (15\u00e8)<br \/>\nM\u00b0 Montparnasse Bienven\u00fce<br \/>\n01 45 38 65 19<\/p>\n<p><strong>Cit\u00e9 universitaire stade , gymnase et piscine<\/strong><br \/>\n27 bld Jourdan<br \/>\nT3 &#8211; ligne de Sceaux : Cit\u00e9 Universitaire<\/p>\n","protected":false},"excerpt":{"rendered":"<p>G\u00e9o-localisez les \u00e9quipements sportifs du 14e sur notre nouvelle carte Google : Afficher EQUIPEMENTS SPORTIFS PARIS XIV sur une carte plus grande La liste des \u00e9quipements : Alice Milliat\u00a0\u00a0 gymnase 11 ter rue d&rsquo;Al\u00e9sia. M\u00b0 Al\u00e9sia. 01 53 62 40<\/p>\n","protected":false},"author":1,"featured_media":0,"parent":0,"menu_order":2,"comment_status":"closed","ping_status":"closed","template":"","meta":{"footnotes":""},"class_list":["post-66","page","type-page","status-publish","hentry"],"_links":{"self":[{"href":"https:\/\/oms14.fr\/index.php?rest_route=\/wp\/v2\/pages\/66","targetHints":{"allow":["GET"]}}],"collection":[{"href":"https:\/\/oms14.fr\/index.php?rest_route=\/wp\/v2\/pages"}],"about":[{"href":"https:\/\/oms14.fr\/index.php?rest_route=\/wp\/v2\/types\/page"}],"author":[{"embeddable":true,"href":"https:\/\/oms14.fr\/index.php?rest_route=\/wp\/v2\/users\/1"}],"replies":[{"embeddable":true,"href":"https:\/\/oms14.fr\/index.php?rest_route=%2Fwp%2Fv2%2Fcomments&post=66"}],"version-history":[{"count":13,"href":"https:\/\/oms14.fr\/index.php?rest_route=\/wp\/v2\/pages\/66\/revisions"}],"predecessor-version":[{"id":6071,"href":"https:\/\/oms14.fr\/index.php?rest_route=\/wp\/v2\/pages\/66\/revisions\/6071"}],"wp:attachment":[{"href":"https:\/\/oms14.fr\/index.php?rest_route=%2Fwp%2Fv2%2Fmedia&parent=66"}],"curies":[{"name":"wp","href":"https:\/\/api.w.org\/{rel}","templated":true}]}}